
3
Calculate 2 + (-21 - -4) + 5.
-10
4 - (1 + 1 - -1)
1
What is the value of 6 + -1 - (66 + -60)?
-1
2 - (5 - 1) - 1
-3
-6 + 1 + 2 - -4
1
Evaluate -1 - 2 - (15 + -14).
-4
What is the value of -1 + (10 - (4 - -2))?
3
What is -6 - (-3 - 3 - -2)?
-2
What is the value of (-5 - -1) + (1 - 0 - -6)?
3
What is the value of -3 - (-9 + 11) - (2 + -1)?
-6
What is the value of -13 - (3 + -5 - (-10 + 15))?
-6
Evaluate (-6 - (2 - 7)) + 8.
7
Evaluate -3 - (-5 - 1 - -6).
-3
What is the value of 5 - (7 - -2) - -9?
5
2 - (6 - (-5 - -3)) - -1
-5
Calculate -30 + 30 - ((-1 - 0) + 0).
1
What is 6 - 1 - 8 - (0 + 1)?
-4
Calculate -2 - (-6 + 5) - (-5 - -1).
3
What is the value of (-8 - (-7 - -3)) + (-2 - -4)?
-2
What is the value of 7 + 5 + -11 + 1 + -5?
-3
(-6 - 1 - -5) + (5 - 0)
3
What is (1 - (-2 - -7)) + 8?
4
Calculate 14 + (4 - (8 + 5)).
5
1 + (-4 - (5 - 3))
-5
What is 2 + -1 - (21 - (19 - -9))?
8
Evaluate (6 - (-2 + 1)) + -4.
3
Evaluate (9 + -17 - -15) + -1.
6
Evaluate (-1 - 1 - 10) + 5.
-7
What is the value of (8 + -4 - 3) + 5 + -11?
-5
Calculate 2 - 3 - (1 + 2 - 0).
-4
What is the value of 8 - 1 - (-17 + 30)?
-6
Evaluate (0 - -4) + (12 - 6) + -9.
1
7 + 0 - (2 + -2 - -5)
2
What is the value of -2 + 0 + 1 + 0?
-1
2 + (-1 - (5 + 2)) - 1
-7
Evaluate 4 + (2 + 1 - 8) + 4.
3
Calculate 14 + -17 + (7 - 3) + -2.
-1
What is the value of -5 + 10 + -15 + 2 + 2?
-6
(-1 - -3) + -22 + 15
-5
(0 - -5) + 0 - 1
4
Calculate -48 + 55 + (2 - (1 - -2)).
6
Calculate (-5 - 0 - 3) + 6.
-2
Evaluate 1 + 1 + (3 - 6) + -5.
-6
Calculate 0 + (0 - (-13 - -8)).
5
0 + -3 - (0 + -6)
3
Evaluate (-2 - (-14 - -10)) + 1 + 2.
5
(-9 - -18 - 11) + 12
10
-7 - (-11 + 1 - -5) - 1
-3
Evaluate (12 + -11 - (4 - 1)) + 4.
2
What is the value of 8 + -5 + 3 + 0 + -3?
3
What is 6 + -5 + (-2 - (0 + 0))?
-1
Evaluate 7 + -22 + 7 + (3 - -1).
-4
What is 10 + 5 + -11 + 0?
4
Calculate (-2 - 0) + 5 - -1.
4
What is the value of 1 + -10 + 4 + 5?
0
What is 9 + (1 - (-2 + (7 - -1)))?
4
Evaluate 8 - 1 - (-5 + 6).
6
Evaluate 0 + 5 + -3 + 2.
4
What is the value of (-8 - (1 + -5)) + 3 + 2?
1
What is (0 - -5) + (-19 - -13)?
-1
Evaluate (-1 - 4) + 3 + -2.
-4
Evaluate -4 + -1 + -3 + -5 + 5.
-8
Calculate 5 - ((-5 - 2) + 8).
4
-4 + (2 + -10 - -8) - 7
-11
(2 - (6 + -2)) + -1
-3
Calculate 3 + (-6 - (-11 - -4)) + 0.
4
What is the value of 2 - (0 + (1 - -5))?
-4
What is the value of (0 - -3) + 0 - 7?
-4
What is the value of 7 + (0 - (0 + 5))?
2
-1 + -3 + 1 + (-11 - -13)
-1
What is the value of 1 + (-1 - -2) - (5 - 8)?
5
-3 - -13 - 4 - 2
4
Calculate 2 - ((-12 - (8 - 15)) + 4).
3
Calculate -47 + 60 + -9 + 1.
5
Calculate 3 + (2 - 2) + -7 + 6.
2
Evaluate 0 + (1 - -1) + 25 + -31.
-4
What is the value of (-6 - -5) + (3 - 2)?
0
What is 2 + 3 + -2 + (0 - 4)?
-1
Evaluate -3 + (-2 - 2) + 11 + -4.
0
(4 - 4 - (3 - 4)) + -5
-4
0 + 2 - (30 + -25)
-3
Evaluate -1 + 0 - (2 - (-2 + 1)).
-4
1 - ((-3 - -14) + -4)
-6
Evaluate (-4 + 1 + 5 - 0) + -1.
1
Evaluate 0 - ((0 + -4 - -1) + 1).
2
Calculate (0 - -1) + (1 - -3).
5
What is -32 - -31 - (4 + -3 + 0)?
-2
What is 14 + -2 + -4 - 1 - 6?
1
Evaluate 64 - 76 - (-1 - 6).
-5
Calculate (-3 - 0) + (-76 - -74).
-5
What is 8 + (5 + 3 - 20) + 3?
-1
What is 6 + -9 - (4 + -3)?
-4
Calculate -4 + (-1 - 5 - -11).
1
Evaluate 0 + 0 + 27 + -29.
-2
Calculate -4 - ((-5 - -3) + -3).
1
What is the value of -11 + 10 + 1 + 1 + -6?
-5
(-9 - (1 + (-13 - -7))) + 7
3
Calculate 0 - ((8 - 4) + -2).
-2
What is the value of 1 - 0 - (26 - (5 - -14))?
-6
(6 - 7) + 8 + (-2 - -1)
6
Calculate -6 - -1 - (41 - 41).
-5
What is the value of 1 - 3 - (1 + -7 - -10)?
-6
Calculate 4 - (0 + 1) - 1.
2
Calculate 0 - ((1 - (-2 - -4)) + 3).
-2
Calculate (28 - 21) + -8 + -3.
-4
What is the value of 0 + (1 - 3 - -3)?
1
What is the value of 2 + (-5 + 1 - (-2 + -2))?
2
What is the value of (-1 - -6) + (-1 - 1) - -3?
6
Calculate (8 - 0) + -16 - -3.
-5
What is the value of -1 + (1 - -7 - 4)?
3
Evaluate (-4 - (-8 + 4 + 4)) + 12.
8
Calculate -5 + (-9 - -19) + -9.
-4
(1 - (0 - -1)) + -74 + 73
-1
Evaluate -1 - (-5 - (1 - (6 + -2))).
1
-7 + (21 - 6) + -5
3
Calculate 6 - 0 - (-4 - (7 + -12)).
5
Calculate (-2 - 15) + 0 - (38 - 46).
-9
What is the value of -24 + 12 + 7 + (2 - -1)?
-2
Evaluate 4 - 1 - (-13 + 13).
3
Calculate 2 + -6 + (-4 - -6).
-2
Evaluate 5 + (-22 + 12 - -5).
0
What is the value of 1 + 6 + -7 + -4?
-4
Evaluate -4 - (3 - (-3 - -9) - 1).
0
Calculate 4 + 10 + (-4 - 4).
6
(-4 - -7 - 2) + (-1 - 4)
-4
Evaluate (1 - 4) + 7 + -2.
2
Evaluate -4 - (-7 + 5 + 0).
-2
What is the value of 2 + (4 - -2 - 5)?
3
Calculate -2 + 3 + 16 + -11 - 8.
-2
What is 5 - -1 - (-69 + 73)?
2
Calculate (12 - 4) + (-9 - -4).
3
What is 1 + 1 - (19 - 14)?
-3
(3 - 6 - -4) + -5
-4
What is the value of -2 + 11 - (7 - (-4 + 5))?
3
Evaluate (2 - -2) + (-12 - -7).
-1
What is the value of (4 - -2) + (-1 - -6) + -7?
4
Calculate (-5 - 1 - -9 - 2) + -1.
0
What is (11 + -6 - 7) + 1?
-1
Calculate 16 + -7 + 5 + -8.
6
Evaluate 2 - 2 - (45 + -40).
-5
Evaluate (1 - (-8 - 1)) + -5.
5
4 - 1 - (-1 + 3 + -4)
5
What is -102 + 110 + -1 + (-1 - 1)?
5
What is -23 - -34 - (-1 + 5) - 9?
-2
What is (3 - -8) + -2 - 4?
5
Evaluate -2 + -5 - (-10 + 4 + -5).
4
What is 7 + 4 + -61 + 43?
-7
What is the value of (24 - (-3 + 11) - 7) + -6?
3
Calculate -4 - -1 - (-6 + 2).
1
Calculate -4 + -1 + (6 + -11 - -4).
-6
Evaluate (-3 + 4 - 1) + -5.
-5
What is (-9 - (11 - 16)) + 2 + 1?
-1
Evaluate (49 - 61) + (7 - (2 - 2)).
-5
Calculate 11 + (-4 - (6 + 7)).
-6
11 + -5 + -13 + 9
2
(-6 - 1) + -7 + 10 + 8
4
Calculate (-4 - -1) + (75 - 70).
2
What is the value of -3 - (-10 - -12 - 7)?
2
Calculate 0 - ((-1 - -1) + 0 - 2).
2
What is (-12 - 2) + 15 + -5 + -3?
-7
What is -8 + (0 + -3 - -2) + 5?
-4
What is the value of (24 - 29) + (2 - -1)?
-2
Calculate (10 - 4) + -4 + 2.
4
What is (15 + -14 - -6) + 1 + -6?
2
What is the value of 0 + 2 + -3 + (5 - 6)?
-2
5 + 3 - (1 - -4)
3
What is 15 - 7 - (-1 - -4)?
5
What is -1 + -3 + (-8 - -5) + 2?
-5
Evaluate -2 + 3 + -2 + (-2 - -2).
-1
Evaluate 1 + 8 - (-4 + 9) - 0.
4
What is the value of (0 + 0 - -5) + 0 + -1?
4
2 + 2 + 2 + -5 + -4
-3
What is 5 + (-11 - 5 - -5) - -3?
-3
What is the value of (-1 - -1) + -5 - (-75 + 64)?
6
-10 + (-3 - (2 - (0 + 8)))
-7
What is the value of -4 + 4 + (6 - 4)?
2
Calculate 4 - (3 - -6) - (3 - 5).
-3
What is -6 + -3 + 10 + 1?
2
What is 0 + (3 + 7 - 8 - 10)?
-8
What is the value of (-4 + 3 - 1) + 12 + -4?
6
Evaluate -2 + 0 - (-10 + 9).
-1
-3 + (-1 - (-6 + 2 + 1))
-1
Evaluate (1 - -2) + -6 - (0 - 0).
-3
(0 - 1) + (12 - 7)
4
Calculate 6 - ((3 - 0) + -3 + -2).
8
Evaluate -1 + 4 + (4 - 2).
5
2 + 0 - (3 - 1) - 1
-1
What is -3 + (6 - 4) + 1?
0
5 - (4 + -4 + -1)
6
What is the value of 12 - 13 - (-1 + 2 + 0)?
-2
What is the value of (-2 - -11) + -5 + -1?
3
What is 1 + 1 + 2 - 11 - -1?
-6
Calculate -6 + -4 + -1 + 7 - 5.
-9
What is -2 - (-1 + (3 - (1 + 2)))?
-1
What is the value of (-3 - 6 - -4) + 8?
3
Calculate 9 + 6 + -12 - (-1 - 0).
4
Evaluate -10 - ((-15 - -3 - -6) + 2).
-6
Evaluate (2 - 2) + 7 + -3 - 6.
-2
(9 - (2 + 10)) + (-4 - -1)
-6
-3 + 3 + -5 + 2
-3
Evaluate 1 - -1 - (17 - (1 - -10)).
-4
Evaluate -4 - (3 + 1 + -9).
1
What is the value of (3 - 4 - 0) + 1 - -5?
5
What is the value of (3 - 0 - 3) + (2 - 4)?
-2
What is -2 + 5 + (1 - 1) + -1?
2
What is the value of 166 + -160 + (1 - 1 - 2)?
4
What is 1 + 3 + -6 - -1?
-1
(-10 - (3 + -8)) + 5
0
What is the value of 1 + -1 + (-4 - (-3 + 5))?
-6
Calculate 6 + (4 - -1 - (-12 - -15)).
8
Calculate -3 - (1 + -2 + -2 - 2).
2
-3 + -3 + 13 + -32 + 22
-3
2 - -16 - (-15 - (-34 - -12))
11
Calculate (8 - 5) + -2 + 2 - -1.
4
Calculate (8 - 6) + -4 - 3.
-5
0 - (-3 + (-2 - (-3 + -1)))
1
Calculate -2 + -1 - (-53 - -52).
-2
Evaluate 1 + (5 - 10 - -1 - 2).
-5
What is the value of (-7 - -9) + (1 - 4) + 0?
-1
Evaluate 4 - 3 - (-10 - -5) - 10.
-4
Evaluate -7 + (0 - -1) + 5.
-1
What is 11 - (10 + 5) - (2 - -1)?
-7
What is -2 - -1 - ((2 - -1) + -3)?
-1
What is the value of (3 - (13 - 7)) + 13?
10
Evaluate -3 + 6 - (-7 + 6).
4
What is the value of -3 + (2 + 0 - 2) + 4?
1
(0 - 6) + 18 + -4
8
What is the value of -2 + (-1 - (-4 - (0 + -2)))?
-1
What is -5 + 8 + (4 - 7) - -2?
2
Evaluate -1 - -1 - (-7 + 2).
5
What is the value of 0 + 2 + 0 + -4 + 0?
-2
Calculate 1 - (-1 + (1 - 2)).
3
What is the value of 1 - 8 - (2 + -2 + -4)?
-3
What is -23 - -28 - (0 + -1 - -6)?